12101202212
-59014 (base 13) to base 9
-267031
What is -3057475 (base 8) in base 2?
-11000101111100111101
678082 (base 9) to base 15
80502
Convert -9a385 (base 12) to base 4.
-301322111
Convert 1011412144 (base 5) to base 6.
112054231
What is -159ca (base 15) in base 11?
-48418
Convert -661870 (base 13) to base 8.
-11124714
2642026 (base 7) to base 2
1010100100101010010
-100011110000111110011 (base 2) to base 15
-1823a5
Convert 5575371 (base 8) to base 15.
1eb37b
-442405 (base 8) to base 6
-3104341
Convert -111112300203 (base 4) to base 6.
-315553443
Convert 483c4a (base 13) to base 7.
20432255
Convert 457c5 (base 14) to base 16.
293e1
151a4 (base 11) to base 2
101010000011011
What is 103121213 (base 4) in base 15?
18828
25b73a4 (base 12) to base 5
3402110001
Convert -1010011111111101010010 (base 2) to base 8.
-12377522
15d99d (base 14) to base 2
10111011010111110111
What is -213321010 (base 4) in base 14?
-43792
Convert e6aca (base 15) to base 9.
1334311
Convert -2375251 (base 9) to base 4.
-10322321101
Convert -11001001111010010101 (base 2) to base 4.
-3021322111
What is -90549 (base 12) in base 3?
-100112001210
-631110 (base 7) to base 11
-74526
-5a5a4 (base 12) to base 3
-20012002021
-411935 (base 10) to base 4
-1210210133
Convert -6805 (base 13) to base 2.
-11100011001011
100101100000001000 (base 2) to base 10
153608
What is 1621402 (base 10) in base 14?
302c66
Convert 112112111020211 (base 3) to base 9.
15474224
What is -26c63 (base 14) in base 11?
-65a22
-22181 (base 14) to base 3
-11012100100
What is -14eb64 (base 15) in base 11?
-631112
Convert 6666256 (base 7) to base 13.
22a9aa
-51b31 (base 13) to base 2
-100011110111010101
-43419a (base 12) to base 13
-2b380a
Convert 14061026 (base 7) to base 15.
1acc58
8718f (base 16) to base 4
2013012033
What is 148529 (base 12) in base 5?
42040403
Convert 102113221230 (base 4) to base 5.
2213043333
What is 2153261 (base 8) in base 2?
10001101011010110001
What is 3587 (base 13) in base 7?
31001
Convert 79d8c1 (base 14) to base 9.
7721781
e71ea (base 15) to base 16
b2e94
Convert -13202212 (base 5) to base 9.
-220414
Convert -236b36 (base 12) to base 4.
-2023213122
-110000111101001011000011 (base 2) to base 3
-220011000012220
What is -10191789 (base 11) in base 5?
-20031013031
7982c6 (base 14) to base 5
2024224110
1275161 (base 8) to base 12
153929
405027 (base 11) to base 4
2132322020
Convert -1df85 (base 16) to base 14.
-32a45
Convert -137972 (base 10) to base 16.
-21af4
1221212102110 (base 3) to base 10
1040592
-12435183 (base 10) to base 3
-212101202212100
What is 676722 (base 8) in base 4?
313313102
What is -3060134 (base 8) in base 12?
-331478
-5e29b (base 15) to base 13
-a6cb8
What is 37b9e2 (base 15) in base 7?
31465454
Convert -5043555 (base 6) to base 7.
-2014514
23155341 (base 6) to base 12
2a5b51
What is 33177 (base 10) in base 4?
20012121
What is 10011010001111111101001 (base 2) in base 8?
23217751
What is 120334033 (base 6) in base 8?
10514705
What is -1444430 (base 6) in base 7?
-466545
What is 23292 (base 12) in base 6?
1001502
What is -3404224 (base 6) in base 11?
-108276
What is -1c54a48 (base 14) in base 5?
-12113013004
Convert -54203 (base 12) to base 9.
-178083
Convert 80575 (base 13) to base 9.
378641
Convert 2372190 (base 12) to base 15.
909b69
Convert 5a779 (base 11) to base 5.
10244243
Convert 2741606 (base 11) to base 6.
245223134
What is 663353 (base 10) in base 2?
10100001111100111001
What is -163036 (base 8) in base 14?
-1767c
-30325313 (base 6) to base 15
-121d00
4c77c (base 14) to base 15
3aad4
Convert 18192 (base 10) to base 16.
4710
871aad (base 14) to base 3
22121111120212
366717 (base 8) to base 2
11110110111001111
Convert 28c78 (base 14) to base 8.
305572
11111100111001000010 (base 2) to base 13
2a3632
2639a (base 13) to base 6
1304230
213434201 (base 5) to base 3
1201210121122
12353656 (base 9) to base 11
3468952
Convert -644312 (base 7) to base 8.
-332546
6a057c (base 15) to base 2
10011010100010000111110
Convert -470251 (base 9) to base 8.
-1047333
Convert 20110021220 (base 3) to base 9.
213256
What is 17043330 (base 8) in base 14?
74b880
What is -5263754 (base 9) in base 10?
-2817472
What is 1436e (base 16) in base 4?
110031232
-1f2d3 (base 16) to base 5
-13041244
-11010003103 (base 4) to base 8
-5040323
What is 33033002 (base 4) in base 2?
1111001111000010
141151105 (base 6) to base 8
12722761
What is 10000011010011011111101 (base 2) in base 7?
51366664
Convert 355819 (base 10) to base 16.
56deb
What is 21523136 (base 9) in base 7?
154316106
What is -5543540 (base 7) in base 5?
-133330221
What is -556a69 (base 15) in base 12?
-14449b3
What is 110131322 (base 4) in base 14?
227a2
Convert -50315434 (base 7) to base 13.
-b31226
19079 (base 14) to base 11
43552
Convert -8b7b5 (base 12) to base 2.
-101101011010111001
Convert 10101111011101000010100 (base 2) to base 11.
3277568
1122012201121 (base 3) to base 16
d4752
Convert 178620 (base 10) to base 12.
87450
What is -4440002 (base 7) in base 5?
-120004210
Convert -1caaa6 (base 14) to base 2.
-11111011000100001010
1000001101011 (base 2) to base 12
2523
124513 (base 14) to base 16
98fc5
Convert -ba447 (base 13) to base 6.
-11115340
Convert -3304104041 (base 5) to base 8.
-33046064
Convert -1343241023 (base 5) to base 13.
-954027
-6c181 (base 15) to base 7
-2633440
ab482 (base 13) to base 11
1a2367
Convert 131424434 (base 5) to base 12.
27706a
-44430300 (base 5) to base 12
-169462
-763315 (base 8) to base 2
-111110011011001101
What is -5ac2a (base 16) in base 11?
-234339
What is 6a86a (base 15) in base 16?
52dc8
Convert 101222100000 (base 3) to base 5.
23403102
-32202220111 (base 4) to base 13
-a36051
What is 28465005 (base 9) in base 14?
1c2d3b8
Convert -340233353 (base 6) to base 4.
-113210200011
Convert -2aba4a0 (base 12) to base 16.
-84d938
Convert -1499a6e (base 15) to base 2.
-111000111001101101111111
Convert 20323010321 (base 4) to base 3.
11101211200102
-4a2a80 (base 13) to base 6
-102030414
Convert 1103340314 (base 6) to base 4.
231133212112
What is 2155444 (base 9) in base 12?
47a6a1
-10a41 (base 16) to base 12
-33541
What is 278a (base 14) in base 11?
5278
-1164160 (base 11) to base 4
-13232213301
Convert 2244304 (base 5) to base 2.
1001111010000011
-820b0 (base 12) to base 8
-513004
1102102012102 (base 3) to base 10
756119
100001010101110110 (base 2) to base 9
227300
2056118 (base 10) to base 2
111110101111110110110
Convert -2ea55 (base 15) to base 9.
-248808
What is -695745 (base 10) in base 8?
-2516701
-202f2 (base 16) to base 9
-220743
Convert 55318 (base 13) to base 12.
7537a
What is 125a1 (base 13) in base 14?
c519
Convert 21475671 (base 8) to base 13.
c59667
What is -5056622 (base 7) in base 9?
-1117565
Convert 475951 (base 13) to base 9.
3166681
Convert 111000011000011000 (base 2) to base 10.
230936
Convert a78aa (base 12) to base 5.
24030423
1411353221 (base 6) to base 11
9756583
What is 3261445 (base 8) in base 9?
1576442
Convert 4225104 (base 6) to base 7.
1515154
Convert -42b63c (base 13) to base 5.
-400130101
Convert 391834b (base 12) to base 8.
52662353
cd601 (base 15) to base 12
27589a
-11121021201011 (base 3) to base 5
-1111240222
Convert 11212002012 (base 3) to base 13.
34658
What is -771889 (base 11) in base 5?
-303412430
Convert -170d3b1 (base 14) to base 9.
-23278737
What is -20304355 (base 9) in base 12?
-3320272
Convert -14694b (base 13) to base 10.
-500303
Convert -164226 (base 11) to base 12.
-103337
What is 1545878 (base 9) in base 7?
10200254
-1163456 (base 8) to base 16
-4e72e
What is -135ba (base 16) in base 15?
-18760
-22473543 (base 9) to base 14
-1641370
What is 1200120102 (base 3) in base 14?
c16d
-8b7786 (base 13) to base 11
-195525a
What is 86c12 (base 14) in base 12?
138900
29523 (base 16) to base 4
221110203
What is b1c3e (base 15) in base 8?
2113501
-1054122 (base 7) to base 16
-20013
-4239039 (base 11) to base 7
-120305531
What is 2360035 (base 10) in base 3?
11102220100201
Convert -45b6ea (base 15) to base 12.
-1146834
What is -1032435 (base 6) in base 3?
-2121011012
What is -30205421 (base 6) in base 7?
-10165240
Convert -111010011011101111110110 (base 2) to base 9.
-31736316
2842267 (base 10) to base 3
12100101212011
202120020010 (base 3) to base 15
7ede0
What